13*n**2 + 37*n - 126. Let y be m(11). Suppose -3*o + o = -s - 105, 4*s = -o + 48. What is the greatest common divisor of y and o?
13
Suppose -60*j + 412173 = 56013. What is the greatest common divisor of 16 and j?
16
Let d be ((-186)/9)/(8/(-12)). Suppose d*i + 230 = 33*i. Let c = 116 - i. Calculate the greatest common factor of 2 and c.
1
Let a = -29 - -80. Suppose 386 = 4*d + 318. Calculate the greatest common divisor of d and a.
17
Let m(u) = u**3 + 6*u**2 - 18*u - 79. Let x be m(-5). What is the highest common divisor of 40 and x?
4
Suppose 45 = -5*z, -8*d + 7761 = -5*d + z. Calculate the highest common factor of 560 and d.
70
Let o be -15 + 4911 - 5/(-5)*-5. Calculate the greatest common factor of o and 67.
67
Let x = 162 + -158. Suppose x*s - 7*s - 4 = -o, -5*o = s - 20. Let q = 30 - 20. What is the greatest common factor of o and q?
2
Suppose 2*f - 286 = 632. Let y = f - 452. What is the highest common divisor of 210 and y?
7
Let b(q) = 3*q**3 - 2*q + 721. Let y be b(0). What is the greatest common divisor of y and 98?
7
Let d = -2465 - -6333. Suppose 3*c = 4*v - 5495, 1108 = -2*v + 4*c + d. Calculate the highest common factor of 10 and v.
10
Let q = 302 + 282. Let h be q/4 - 4 - -2. Calculate the greatest common divisor of h and 27.
9
Let y(m) = m**2 + 12*m + 24. Let t be y(-10). Let h(g) = 5*g + 56. Let p be h(t). Calculate the highest common divisor of 19 and p.
19
Let z = 23 + -18. Let w be (65/(-15) + z)/(1/24). Let u = w + 39. What is the highest common factor of 11 and u?
11
Let f be 416 + ((-6)/4)/(27/(-36)). Suppose -14 = -5*b + 6, t + 3*b - 50 = 0. What is the highest common divisor of f and t?
38
Let v(d) = d**2 + d + 3. Let u be v(-6). Suppose 74*s - 71*s + 3*a = 108, 120 = 4*s - 4*a. What is the highest common divisor of u and s?
33
Let y(j) = 40*j + 43. Let x be y(-4). Let g = 401 + x. Calculate the highest common divisor of g and 213.
71
Let d(h) = 9*h - 1. Let n be d(2). Let y be 45 + (-64)/8 + 4. Let q = y - n. Calculate the greatest common factor of q and 96.
24
Let z = 9 + -19. Let v = z + 1. Let w = -3 - v. What is the highest common divisor of w and 6?
6
Let i(a) = -34*a + 5396. Let t be i(154). What is the highest common divisor of t and 15584?
32
Let u(y) = -22*y**2 + 59*y - 9. Let t be u(8). Let f = t + 963. What is the greatest common divisor of 279 and f?
9
Suppose -m + 370 = -5*a, -3*m + 85*a = 84*a - 1054. Calculate the highest common divisor of 245 and m.
35
Suppose 3*p - 484 = -127. Let c(l) = 34*l + 561. Let i be c(-16). What is the greatest common factor of i and p?
17
Let o(n) = -2*n - 26. Suppose -11*z = -26 + 169. Let k be o(z). Suppose k = -7*b - 3*b + 80. Calculate the highest common factor of 64 and b.
8
Let z = -189 - -201. Let l be z/(-8)*4/(-6)*825. What is the greatest common divisor of 50 and l?
25
Let l = -5888 - -5932. What is the greatest common divisor of 26796 and l?
44
Suppose -108296 = 8*p - 74*p + 28654. What is the greatest common divisor of p and 75?
25
Let d(o) = 60*o + 28 - 144*o - 82*o. Let a be d(-2). Calculate the greatest common divisor of a and 20.
20
Let q be (-63360)/(-348) - (-18)/(-261). Calculate the greatest common divisor of q and 637.
91
Suppose 0 = -4*k + 2*l + 220, 69*k = 70*k + 2*l - 55. Suppose q + 3*j - 26 = 21, 0 = 4*q - 3*j - 173. Calculate the greatest common divisor of q and k.
11
Let y(l) = l**2 + 212*l - 2225. Let m be y(11). What is the highest common factor of 21 and m?
3
Let h = 362 - 360. Suppose -33 = 3*p - 4*z - 122, 59 = 3*p + h*z. Calculate the greatest common divisor of p and 69.
23
Let x be (-6)/(-108)*3 - (-54994)/12. Suppose 3*q - 1234 = 4*r - x, q = -2*r + 1687. Calculate the highest common factor of r and 29.
29
Let w(l) = -179*l + 20. Let m be w(0). What is the highest common factor of 250 and m?
10
Let t(j) = j**2 - 27*j + 891. Let w be t(0). What is the highest common factor of w and 243?
81
Suppose 3*o + 2*o - 270 = 0. Suppose -7 = -2*l + 5*y, l - 4*y - 4 = -2. Let x = l - -264. What is the highest common divisor of o and x?
54
Suppose 658 - 98 = 7*b - 0*b. What is the highest common divisor of b and 180?
20
Let i(t) = -817*t + 2463. Let h be i(3). Let o(w) = 2*w + w + 0*w. Let r be o(2). What is the greatest common divisor of r and h?
6
Let b(m) = m**3 - 11*m**2 + 26*m - 54. Let t be b(9). What is the highest common factor of t and 342?
18
Let j(u) = -u**2 + 48*u - 95. Let p be j(45). Let q be (0/(-4) - -2)/(-1). Let c(z) = -5*z - 2. Let y be c(q). What is the highest common factor of y and p?
8
Suppose 0 = -r + 2*w + 11056, -11786 - 10290 = -2*r - 2*w. What is the highest common factor of 44 and r?
44
Let y = 247 + -251. Let s be (0 - y) + (-11 - (-248)/8). Calculate the greatest common factor of s and 32.
8
Let z be 9 + (-9 - (5 + -6)) + 20. Let m = 8 - 5. Calculate the highest common factor of m and z.
3
Let m be 621/(-92) + 6/8 - -162. What is the greatest common divisor of m and 1443?
39
Let r be (312/(-20))/(4*1/10). Let z = 102 + r. Suppose u + 2*u - 27 = 0. Calculate the greatest common divisor of z and u.
9
Let r = -45 + -339. Let g be (-4)/(-26) - r/208. Calculate the greatest common divisor of g and 46.
2
Suppose -76*d + 222522 = 7*d - 671637. Calculate the highest common divisor of d and 684.
171
Let x = -188 + 265. Suppose -12*p + 259 = 25*p. Calculate the greatest common divisor of p and x.
7
Suppose 3*f = -2*p + 819, -9 = 4*p - p. Suppose -19 = -3*g - 2*r, -319*g = -317*g - r - 29. Calculate the highest common divisor of f and g.
11
Suppose 0 = 27788*p - 27783*p - 4850. Calculate the greatest common factor of p and 30.
10
Suppose 85*j + 19908 = -89*j + 188*j. Calculate the highest common factor of j and 395.
79
Suppose 2*c = -5*v + 30, 2*c = 4*v + 12 - 18. Let l be (-2 + 5)*v/6. What is the greatest common divisor of l and 50?
2
Let j = 49 + -49. Suppose -3*n - x - 17 = -0*n, j = -5*n + 5*x - 15. Let k = 20 + n. What is the highest common divisor of 105 and k?
15
Let w(x) = 5*x**3 - 6*x**2 - 6*x. Let z be w(-4). Let k = z + 397. What is the highest common factor of k and 45?
5
Suppose 942*b + 3435 = 959*b + 885. Calculate the greatest common factor of b and 2190.
30
Suppose -7 = 2*k - 3. Let w be 94 - (-4 + 2 - k)*-1. Suppose -3*y - 42 = -3*q, -6*q + w = -q + y. What is the greatest common factor of q and 108?
18
Suppose 5*x - 11 = 54. Suppose 48 = 123*m - 131*m. Let u be -2 + 4 + m + x. What is the greatest common factor of u and 81?
9
Suppose -5*x = 7*q - 2039, 3*x - 4*q - 1407 = -200. What is the highest common divisor of x and 2997?
81
Suppose 25*i + 340 = -65*i + 8170. Let j = -287 - -580. Suppose -5*h - 2*m + m + j = 0, 281 = 5*h - 3*m. What is the greatest common factor of i and h?
29
Let m(z) = z**2 + 15 + 23 - 35 + 5*z. Let k be m(-11). Calculate the greatest common divisor of k and 46.
23
Let s = -102 + 162. Suppose -2*o = -6, -5*o + 81 = -4*r + 246. What is the highest common divisor of r and s?
15
Suppose -100*n = -104*n - 3*q + 6111, q = -3. Calculate the highest common factor of 391 and n.
17
Suppose -13*f = 13*f - 361 - 263. Calculate the highest common divisor of f and 297.
3
Suppose -1548 = 87*r + 5412. Let l be 3/(12/2)*-86. Let c = l - r. Calculate the highest common divisor of 407 and c.
37
Let n(y) = y**2 + 9*y + 14. Let x be n(-9). Let i = 20 - x. What is the greatest common factor of i and 150?
6
Let g = 5128 - 5072. What is the greatest common divisor of g and 287?
7
Let s be 85004/4740 + 2 + (-58)/30. What is the highest common factor of 10242 and s?
18
Let k = 842 - 710. What is the highest common divisor of 1804 and k?
44
Let q be (-6 - -5 - 7)/(2/(-5)). Suppose -q = -n - n. Let i = -22 - -52. What is the greatest common factor of i and n?
10
Let y = -217 + 110. Let t = 109 + y. Suppose 0 = -o - 5*j + 23, t*j + 3*j - 5 = 0. Calculate the highest common divisor of o and 9.
9
Suppose 33*p = 67121 - 10389 + 28. Calculate the greatest common factor of p and 5.
5
Let h = 207 - 77. Suppose -13*x + h = -0*x. Calculate the greatest common factor of 250 and x.
10
Suppose 0 = 10*l + 15*l + 525. Let r = 3 - l. Calculate the greatest common factor of 408 and r.
24
Let y(i) = 6*i - 38. Let a be y(7). Suppose a*n = 2*w - 7*w + 144, 5*w - 136 = 4*n. Calculate the greatest common divisor of 154 and w.
14
Let h